hat is the units digit of z?
7
Let r = 233 - 153. What is the units digit of r?
0
Let o(y) = -3*y - 4. Suppose 11 = -2*k - 3. What is the tens digit of o(k)?
1
Let b be ((-2)/6)/(1/(-6)). Let a(o) = -2*o + 0 + b*o**3 + 0*o + 1. What is the units digit of a(1)?
1
Let p = 10 + 5. Let k = p + -11. What is the units digit of k?
4
What is the units digit of 1*(344/16)/((-3)/(-42))?
1
Let d(p) = 2*p**2 + 5. Let q(f) = f**2 - f + 1. Let g(o) = -d(o) + 4*q(o). What is the units digit of g(3)?
5
Let g(b) = b + 2. Let s be g(3). Suppose 78 = -s*l + 28. Let o = -4 - l. What is the units digit of o?
6
What is the units digit of (-900)/(-35) - (-4)/14?
6
Let l be (2/(-4))/((-3)/(-24)). Let i = l + 9. What is the units digit of 50/(-15)*(-6)/i?
4
Let l be 40/6*(-3 + 0). Suppose -141 = 5*k + u, -6*k - 133 = -k + 3*u. Let x = l - k. What is the units digit of x?
9
Suppose 5*z - 10 = -0*n + n, 2*z = n + 4. Suppose -z*u = -4*d - 0 - 20, 5*u - 2*d = 18. Suppose -3 = -5*o + u*o. What is the units digit of o?
1
Let d = 5 + 7. What is the units digit of d?
2
Let m = 6 - 1. Suppose 0*c - c + m = 0. Suppose 0 = 2*g - 13 + c. What is the units digit of g?
4
Suppose 0 + 3 = 3*q. Let y(u) = -1 + 5*u**2 + q - 1 + u + u. What is the units digit of y(1)?
6
Let g(c) = 56*c - 11. What is the units digit of g(4)?
3
Let j(p) = 17*p**2 + 9*p + 11. Let b(k) = -8*k**2 - 4*k - 5. Let f(h) = -13*b(h) - 6*j(h). What is the tens digit of f(-2)?
1
Let p = -1 + 3. Let l be p + ((-2)/(-1) - 16). Let v = l - -18. What is the units digit of v?
6
Suppose 0 = 3*u - 2*a - 7, 3*a - 11 - 1 = 0. Suppose -2*v + 17 = -u*h, -5*h - v + 6*v - 5 = 0. What is the units digit of (6/(-7))/(h/35)?
6
Let z = 22 - 16. Let v = 18 - z. What is the tens digit of v?
1
Let o = 7 + 8. What is the tens digit of o?
1
Suppose i - 1 = 5. Suppose i*n - n - 30 = -5*b, 3*b - 2*n = 8. What is the units digit of b?
4
Let i(a) = a**3 - 8*a**2 + a - 5. What is the units digit of i(8)?
3
Let r(d) = -d**3 - 10*d**2 - 4*d + 14. What is the tens digit of r(-10)?
5
Suppose -131 = -4*c + u, u + 5 + 27 = c. What is the units digit of c?
3
Let h be 55 - (0 + -3 + 3). Let l = 82 - h. What is the tens digit of l?
2
What is the tens digit of (-2)/(4 + 218/(-54))?
5
Suppose -4*h - 8 = 0, 4*k + 4*h - 5 = -1. Suppose -k*p + s = -43, 0 = 4*p + p - 3*s - 77. What is the units digit of p?
3
Suppose -55*n = -51*n - 236. What is the units digit of n?
9
Suppose 5*i = 5*d + 25, d + 11 = 2*i + 3. Suppose -3*y + 15 = i*t, 7*t - 19 = -4*y + 2*t. What is the units digit of 3/(y/22) + 0?
1
Let p(u) = -u**3 + u + 2. Let t be p(2). Let q(o) = 5*o + 10. Let k(g) = -14*g - 29. Let f(x) = t*k(x) - 11*q(x). What is the units digit of f(5)?
1
Suppose 20 = -5*w + w. Let t(u) be the second derivative of -u**4/12 - u**3 + 3*u**2/2 + 5*u. What is the units digit of t(w)?
8
Let z be (-88)/(-6) + (-8)/12. Let u = 23 - z. What is the units digit of u?
9
Let g(z) be the second derivative of z**5/20 - z**4/2 + z**3 - 4*z**2 - 5*z. What is the units digit of g(6)?
8
Let m = -3 - -3. Suppose m = n - 7 + 1. What is the units digit of 2 + (-1)/(-1) + n?
9
Suppose -4*w + 99 = -25. Let r = w + -14. What is the tens digit of r?
1
Let x(c) = -c - 8. Let m be x(-9). What is the units digit of (-160)/(-12) + m/(-3)?
3
Let c = -32 + 144. What is the units digit of c?
2
Let w(a) = -2*a - 3 + a + 5 - a**2. Suppose 0*p + 3*p = 0. What is the units digit of w(p)?
2
Let l(g) = 2*g + 4. Suppose 0 = -0*m + 4*m + 24. Let x be l(m). Let s = 12 + x. What is the units digit of s?
4
Let g be (-80)/45 - (-2)/(-9). Let i = g - -5. What is the units digit of i?
3
Let o(p) = -p**2 - 11*p - 5. Let r be o(-11). Let m = 7 - r. What is the units digit of m?
2
Let f(d) = 8*d - 5*d + 3 - 10 - d. What is the units digit of f(7)?
7
Let h = -3 - -4. Let u be 6/(-9)*3/h. What is the units digit of u*10/8*-2?
5
What is the units digit of (-1 + -1 - -7)*(4 + -3)?
5
Suppose 6*q - 9*q = 2*d - 57, 205 = 5*d - 5*q. What is the tens digit of d?
3
Let o be (-192)/(-8) + 1*-3. Let u = o + -10. What is the units digit of u?
1
Let s = 8 - 15. Let g be (-18 - s)*(-1 + 0). Suppose 0*c = c - g. What is the tens digit of c?
1
Suppose 2*z - 87 - 25 = 0. What is the units digit of z?
6
Let y = 4 + -44. Let f = 2 - y. What is the tens digit of f?
4
Let c be (-5 - 7)/((-6)/4). What is the tens digit of 223/8 + 1/c?
2
Suppose 5*i = 2*s + 9, 5*i = s - 6*s - 5. What is the units digit of (-3)/s*6 + 2?
1
Suppose 0*t + 4 = -t. Let v = t + 7. Let q = 13 - v. What is the units digit of q?
0
Suppose -2*j = -5*l - 0*j + 473, 5*l - 4*j - 481 = 0. What is the tens digit of l?
9
Suppose 5*h - 14 = 4*m, -4*m - 4 = -3*h + 6. Let q be -1 + h - (-3 - 1). Suppose -2 = 3*b - q. What is the units digit of b?
1
Let s = 210 + -127. What is the units digit of s?
3
Suppose 250 = v + 4*v. Suppose -v = -4*g + 46. Suppose 4*r - g = 4*q, -5*r - q - 2*q = -6. What is the units digit of r?
3
Suppose -4*n = f - 5*f - 20, -3*f = -2*n + 11. Suppose -3*u = -4*h + 26, 3*h - 8*h + 33 = -n*u. What is the units digit of h?
5
Suppose 2*h - 2*s = s + 96, h - 48 = -4*s. What is the units digit of h?
8
What is the units digit of 210/(-9)*(4 + (-104)/20)?
8
Suppose -3*v + 5*t - 41 = -6*v, 3*t = 12. Let y be -2 + 2 - (1 + 0). Let p = y + v. What is the units digit of p?
6
Let i(z) = -z**3 + 7*z**2 + z + 7. What is the tens digit of i(6)?
4
What is the tens digit of 175 - 2/(-10)*-5?
7
Let h be 0/((-6)/(-1 - -4)). Suppose -3 = 3*k - h. Let i = 3 - k. What is the units digit of i?
4
Suppose -3*d = -5*n + 524, -2*n + 208 = -2*d - 0*d. What is the tens digit of n?
0
Let k = 2 + 0. Suppose 5*z - 199 = -5*d + 11, -d + k*z = -36. Suppose -3*j - j + d = 0. What is the units digit of j?
0
Let b be 2 + -10 - 2/2. Let q(x) = x**3 + 9*x**2 - x - 9. Let o be q(b). What is the units digit of -1 + o - (-3 + -6)?
8
Suppose 0 = -f - 5*x + 2*x, -3*f = 2*x - 7. Suppose -8 = f*q - 2*q. Let g = 3 - q. What is the units digit of g?
1
Let f(v) = v**2 - 3*v - 6. Suppose n + 0 = 17. Let i be (-1)/((-3)/(n - 2)). What is the units digit of f(i)?
4
What is the units digit of ((-4)/2)/10*-5?
1
Let a be (-2)/(-2) + 1 + 3. Suppose -2*y - a*t - 16 = 0, 0*t - 4*t - 24 = -4*y. Suppose 0 = 2*m + 2*i - 22, -2*m + 4*i = y*m - 28. What is the units digit of m?
9
Suppose -4*y - y - 11 = -3*j, -j - y = 7. Let m(g) = g**3 + 4*g**2 + 3. What is the units digit of m(j)?
2
Suppose -4*f + 123 - 43 = 0. Let a = f - 12. Suppose 0 = -5*h - 2*u - 0*u + 12, -2*h - 4*u - a = 0. What is the units digit of h?
4
Suppose -p = -3*x - 4, 5*p = -3*x - 0*x + 92. What is the tens digit of p?
1
Let u(m) = -4*m + 4. Let l(r) = -r - 1. Let d(p) = -3*l(p) + u(p). Let c be d(12). What is the units digit of (-77)/c - 2/5?
5
Suppose -3*k + 44 = -19. What is the units digit of k?
1
What is the units digit of -2 + (14 - (-6)/(-2))?
9
Let d(w) = -w + 7. Let c be d(7). Suppose -2*i + 2*p + 6 = p, -4*i - p + 18 = c. Suppose i + 3 = l. What is the units digit of l?
7
Let l(y) = 3*y**3 + y - 1. Let i = 0 + 1. Let t be l(i). Suppose -2*m - 1 = -t. What is the units digit of m?
1
What is the tens digit of 1 + -2 + 5 + 88?
9
Suppose -6*n + n = -20. What is the units digit of n?
4
Let n(o) = 2 - 2 + 1 + 5*o + o**2. What is the units digit of n(-5)?
1
Let n(s) = s**3 - 4*s**2 + 4*s. Let w be n(4). Let p = -5 - -11. Let c = p + w. What is the tens digit of c?
2
Let b = 598 - 322. What is the units digit of b?
6
What is the units digit of (-8)/(-6)*(-759)/(-22)?
6
Suppose 2*n + 1 = -3. Let b = n + 13. What is the tens digit of b?
1
Let w(p) be the second derivative of p**3/6 - 3*p**2/2 - 2*p. Let f be w(9). Suppose f*h + 28 = 10*h. What is the units digit of h?
7
Suppose 5*z = -5*a + 3*z + 158, -4*a + 129 = -z. What is the units digit of a?
2
Let s(d) = 2*d**2 + 3*d - 1. Let l be s(-4). Let i = 56 - l. What is the units digit of i?
7
Let z(u) = -46*u**2 - u + 1. Let t be z(1). What is the tens digit of (t/(-5))/(32/80)?
2
Suppose -4 = 3*j - 13. Let i(n) = n**2 - n. Let k be i(j). What is the units digit of (-28)/(-3) + (-2)/k?
9
What is the hundreds digit of 2 - (6 - 5) - -167?
1
Suppose 3*n + 3 = 4*n. What is the units digit of n?
3
Let d(f) = f - 3. Let t be d(-6). What is the units digit of 23 - (t/3 - -5)?
1
What is the units digi